Let s(m) = -797*m + 616912. Determine s(774).
34
Let d(j) = 3*j**3 - 19*j**2 - 84*j + 561. What is d(6)?
21
Let g(h) = h**3 - 83*h**2 - 61003*h + 5117193. Give g(84).
-3
Let b(l) = 4*l**3 - 307*l**2 + 2377*l + 211. Give b(68).
7
Let l(t) = -t**3 - 325*t**2 + 8367*t - 3149. What is l(-349)?
-8
Let n(f) = f**2 - 62*f - 151145. Determine n(421).
-6
Let u(x) = -435*x**3 - 117*x**2 + 2*x. Give u(-1).
316
Let s(z) = z**2 - 718*z + 92937. Calculate s(169).
156
Let r(t) = 378*t - 10206. Give r(27).
0
Let p(i) = -48*i**2 + 7588*i - 333. Determine p(158).
299
Let a(n) = -8*n**3 + 82*n**2 - 99*n + 783. Determine a(10).
-7
Let o(a) = 455695*a + 911363. What is o(-2)?
-27
Let b(c) = -1030*c + 406281. What is b(395)?
-569
Let d(w) = 12*w**2 - 988*w + 19532. Determine d(33).
-4
Let f(m) = -m**3 - 60*m**2 + 1138*m - 5911. Determine f(-76).
17
Let s(b) = 478*b**3 - 2395*b**2 + 89*b - 323. Calculate s(5).
-3
Let p(x) = -48*x**2 - 3008*x - 6011. Calculate p(-2).
-187
Let u(a) = a**2 - 15447*a - 433293. Determine u(-28).
7
Let h(v) = 80146*v - 1202219. Calculate h(15).
-29
Let w(p) = -p**2 - 367*p - 33491. Calculate w(-171).
25
Let i(h) = h**3 + 132*h**2 - 1905*h - 3066. What is i(-145)?
-166
Let y(x) = x**3 + 52*x**2 - 139*x + 1006. What is y(-55)?
-424
Let v(g) = 246*g - 16483. What is v(68)?
245
Let o(y) = -6*y**3 - 104*y**2 - 25*y + 18. Determine o(-17).
-135
Let c(w) = -985*w + 26828. Calculate c(26).
1218
Let s(p) = -20630*p - 82488. Calculate s(-4).
32
Let x(h) = -h**3 + 232*h**2 + 8290*h - 36034. Calculate x(263).
-3
Let k(y) = y**3 - 1069*y**2 + 751*y + 338561. Calculate k(1068).
5
Let w(p) = -4*p**3 - 82*p**2 + p + 870. Calculate w(0).
870
Let d(q) = -3*q**2 - 52*q - 54. Calculate d(-12).
138
Let f(r) = 3*r**2 - 328*r - 2724. Give f(-8).
92
Let h(s) = -1138*s - 182132. Determine h(-160).
-52
Let c(b) = 2*b**2 - 814*b - 30917. Calculate c(-38).
2903
Let l(m) = -16481*m + 197041. Calculate l(12).
-731
Let v(a) = -a**3 + 13*a**2 + 438*a + 1923. Give v(-11).
9
Let q(s) = -4*s**3 + 140*s**2 - 1024*s - 354. Give q(11).
-2
Let n(o) = 1511*o - 77456. Calculate n(52).
1116
Let b(w) = -11*w**2 - 7857*w - 9894. What is b(-713)?
88
Let i(v) = 25*v**2 - 920*v + 1602. What is i(35)?
27
Let g(x) = 2152*x - 1855032. Calculate g(862).
-8
Let s(h) = 1611*h - 70853. What is s(44)?
31
Let a(f) = f**2 - 10343*f + 103304. What is a(10)?
-26
Let b(j) = j**3 - 12*j**2 - 447*j - 64. Determine b(28).
-36
Let x(a) = -12*a**3 + 719*a**2 + 1529*a + 1303. What is x(62)?
1
Let x(i) = -10*i**2 + 57*i - 456. What is x(9)?
-753
Let a(k) = 7645*k**2 - 22949*k + 24. Give a(3).
-18
Let s(r) = 9560*r - 57341. What is s(6)?
19
Let t(q) = 748*q - 130. Determine t(0).
-130
Let k(j) = 16*j**2 - 82*j - 207. Determine k(-2).
21
Let m(t) = -45*t**2 - 157*t - 30. Calculate m(-2).
104
Let h(z) = 8*z**3 + 1020*z**2 + 1512*z + 155. Calculate h(-126).
155
Let s(a) = 40*a - 3392. Calculate s(85).
8
Let m(f) = f**3 - 38*f**2 - 20*f - 456. Give m(39).
285
Let g(d) = -9*d**3 + 7*d**2 + 10*d - 43. Give g(2).
-67
Let b(v) = -26*v**3 - 570*v**2 + 38*v - 119. Give b(-22).
13
Let v(l) = 713*l - 7433. What is v(10)?
-303
Let z(y) = -1747*y + 752989. Determine z(431).
32
Let a(w) = 3*w**2 - 31*w + 182. Give a(16).
454
Let w(m) = m**3 - 56*m**2 + 1426*m - 39516. Calculate w(44).
-4
Let l(y) = -8401*y + 2537130. What is l(302)?
28
Let k(d) = 2*d**2 - 168*d - 2538. Determine k(-14).
206
Let k(y) = -3048*y - 2779784. What is k(-912)?
-8
Let s(m) = 2*m**3 + 30*m**2 - 39*m - 625. Give s(-15).
-40
Let b(y) = 1176*y - 85. Determine b(0).
-85
Let b(s) = -1453*s**2 + 4373*s - 12. What is b(3)?
30
Let s(g) = 70*g - 1268. What is s(6)?
-848
Let q(g) = g**3 - 114*g**2 - 247*g + 1452. Calculate q(116).
-288
Let x(h) = 2*h**3 - 74*h**2 - 195*h + 1356. Determine x(39).
-165
Let i(v) = -28*v**2 + 875*v + 2665. What is i(-3)?
-212
Let o(a) = -a**3 - 125*a**2 + 511*a + 22. What is o(4)?
2
Let q(h) = 33*h**2 - 1719*h - 3413. Determine q(54).
-11
Let l(h) = -339*h + 58944. Determine l(174).
-42
Let y(n) = n**3 - 104*n**2 + 354*n - 158. Determine y(3).
-5
Let a(r) = -2*r**3 - 39*r**2 + 63*r + 928. Determine a(-20).
68
Let v(i) = i**2 - 1680*i + 15027. Give v(9).
-12
Let z(p) = 3288*p - 101899. What is z(31)?
29
Let x(t) = -22*t**2 + 13*t + 1865. Determine x(-15).
-3280
Let u(z) = 10591*z - 93675. What is u(9)?
1644
Let y(m) = -2*m**3 - 27891*m**2 + 586599*m - 121. Calculate y(21).
5
Let k(r) = -r**3 - 92*r**2 - 459*r - 2008. Give k(-87).
80
Let i(f) = -f**3 - 73*f**2 + 833*f - 9. Calculate i(10).
21
Let m(x) = 793709*x + 20636437. Determine m(-26).
3
Let o(x) = -1097*x**2 + 12151*x - 951. What is o(11)?
-27
Let u(m) = 43*m**3 - 1201*m**2 - 97*m + 326. Give u(28).
-38
Let i(m) = 8*m**2 + 2074*m + 2. Calculate i(0).
2
Let k(q) = -2*q**3 - 13*q**2 + 784*q + 7533. Determine k(-11).
-2
Let s(o) = -33458*o - 234159. Calculate s(-7).
47
Let k(u) = 10839*u + 715354. Calculate k(-66).
-20
Let w(a) = -3*a**3 - 8*a**2 - 268*a - 780. What is w(-3)?
33
Let o(c) = -900*c - 125998. Give o(-140).
2
Let v(b) = 253*b**3 - 1010*b**2 - 4*b - 22. Give v(4).
-6
Let f(y) = -1377*y - 1508. Give f(-1).
-131
Let a(i) = -7162*i + 43074. Give a(6).
102
Let s(q) = 2*q**2 - 1914*q - 37078. Determine s(-19).
10
Let t(s) = -2*s**3 + s**2 - 26*s + 330. Determine t(9).
-1281
Let d(f) = 4403*f + 550362. What is d(-125)?
-13
Let m(v) = -12*v**2 - 2226*v + 11437. Calculate m(5).
7
Let w(v) = 69*v**2 + 4380*v - 21950. Give w(5).
1675
Let u(f) = 5*f**2 - 285*f + 2607. What is u(46)?
77
Let v(b) = -3979*b + 11478. What is v(3)?
-459
Let m(c) = 2*c**3 + 40*c**2 - 14*c - 25. Give m(1).
3
Let x(l) = -4*l**3 + 188*l**2 + 1250*l - 123. Determine x(-6).
9
Let c(d) = -d**3 + 97*d**2 + 143*d - 4426. Give c(98).
-16
Let u(p) = -7642*p - 848323. Determine u(-111).
-61
Let u(c) = -6*c**3 + 14*c**2 - 52*c + 408. What is u(8)?
-2184
Let h(s) = 53*s**2 + 36*s + 133. Give h(-4).
837
Let f(d) = d**3 - 22*d**2 - 31*d + 725. What is f(18)?
-1129
Let w(n) = -52464*n - 262407. Give w(-5).
-87
Let i(v) = -129*v - 414. Determine i(-21).
2295
Let p(c) = 3077*c + 21559. Determine p(-7).
20
Let s(o) = 22*o**2 - 679*o - 127. What is s(31)?
-34
Let i(r) = -r**2 + 15*r + 9067. Determine i(-88).
3
Let z(a) = -26536*a + 1353338. Give z(51).
2
Let n(o) = -o**3 + 9*o**2 + 6150*o - 194. Determine n(-74).
-786
Let b(a) = -179737*a - 1617611. Calculate b(-9).
22
Let m(h) = 9790*h + 186003. What is m(-19)?
-7
Let f(j) = 39*j + 2025. Give f(-73).
-822
Let y(a) = 40*a**2 + 176*a + 82. Calculate y(-4).
18
Let t(d) = -190*d + 1768. Determine t(4).
1008
Let y(m) = -m**2 + 108*m - 781. Give y(9).
110
Let o(k) = k**3 + 31*k**2 - 64*k - 3419. Determine o(-29).
119
Let k(j) = -j**3 - 50*j**2 + 1399*j + 71955. Give k(-48).
195
Let w(h) = -154*h**2 - 9566*h - 772. Determine w(-62).
344
Let z(k) = -k**3 - 53*k**2 + 156512*k + 850. Calculate z(-423).
4
Let a(z) = -2*z**3 - 14*z**2 - 64*z - 440. Determine a(-7).
8
Let n(t) = -t**3 + 14*t**2 - 7651*t + 99186. Calculate n(13).
-108
Let k(m) = -7*m**2 - 168*m + 3047. What is k(18)?
-2245
Let l(m) = -2*m**2 + 37*m - 27. Calculate l(5).
108
Let c(w) = w**3 + 112*w**2 - 1803*w - 4925. Determine c(-126).
-11
Let m(b) = -6*b**2 - 941*b - 951. Determine m(-156).
-171
Let d(l) = 6*l**3 + 463*l**2 + 75*l - 252. What is d(-77)?
-98
Let c(d) = -2*d**3 + 113*d**2 + 242*d + 599. Determine c(59).
-2528
Let q(k) = -4679*k - 56167. What is q(-12)?
-19
Let i(z) = z**3 - 17*z**2 - 383*z + 7131. What is i(17)?
620
Let s(c) = -c**3 - 15*c**2 - 4*c + 21. Determine s(-16).
341
Let h(p) = -5*p**2 + 1378*p - 7667. Determine h(270).
-107
Let t(q) = -216*q + 3872. Calculate t(18).
-16
Let o(l) = 611899*l - 3671394. Calculate o(6).
0
Let q(t) = -3*t**2 + 4419*t - 91479. Calculate q(21).
-3
Let w(b) = -22429*b + 67497. What is w(3)?
210
Let l(f) = f**3 + 456*f**2 - 1370*f + 3207. Calculate l(-459).
-6
Let b(c) = 7*c**3 - 1182*c**2 - 1326*c - 5785. What is b(170)?
-5
Let h(a) = a**3 + 3*a**2 + 708*a + 7483. Calculate h(-10).
-297
Let l(x) = 4*x**2 - 2*x - 33. Determine l(-3).
9
Let v(d) = -2189*d - 8814. What is v(-4)?
-58
Let j(h) = -4*h**2 + 10*h + 1193. What is j(16)?
329
Let g(h) = 31151*h - 404970. What is g(13)?
-7
Let c(j) = -59214*j - 651355. What is c(-11)?
-1
Let j(v) = 4*v**2 - 3437*v + 